t i = 127 - y. Is i a prime number?
False
Let z = -45571 - -120840. Is z composite?
False
Suppose 3*r = -2*a - 2*r - 15, -5*a + 30 = -r. Suppose -4*y - 1 = u - 4, -a*u + 15 = -y. Suppose w + 307 = v, 0 = -v - y*w - 4*w + 307. Is v composite?
False
Suppose -17*d - 30576 = -19*d. Suppose 2*h - 8 = 0, -h = -8*v + 12*v - d. Is v a prime number?
True
Suppose 0 = x - 8 + 5. Suppose 0 = 3*t - 4*t + 3*b - 2, 4*b = -x*t - 32. Is 1/((-2)/t) + 837 prime?
False
Let n(r) = -1537*r - 1871*r - 67 + 2*r + 536*r. Is n(-3) composite?
False
Let o(g) = g**2 - 18*g - 15. Let r be o(19). Suppose 7 = -r*a + 3*z, 5*z = 3*a - 1 - 2. Let v(j) = 68*j**2 - 4*j - 17. Is v(a) a composite number?
False
Suppose -117*a = -121*a + 8404. Suppose -5*q + a = -68974. Is q composite?
True
Let j be (-3)/2*(21/(-9) - -1). Let x(k) = 3*k + 1752*k**2 - 1 - 4*k - 1565*k**2. Is x(j) a composite number?
True
Let d(h) = -4*h**3 - 12*h**2 - 314*h - 79. Is d(-35) prime?
True
Suppose 0 = 3*a - 690908 + 253685. Is a a composite number?
True
Is 29931 + (-8)/8 - 13 prime?
True
Let v = 409860 + -117917. Is v a composite number?
True
Let s(i) = 5*i**3 - 4*i - 21. Let o be s(7). Suppose 495 = -r - 4*n + o, -3*r + 5*n = -3428. Is r composite?
False
Suppose -1508702 = 134*k - 160*k. Is k a prime number?
True
Suppose 9 + 12 = -7*v. Let i be -4*4*v/(-6) + -2. Is i/15 - ((-1618)/6 + 0) composite?
False
Suppose 3*p + 4*u = 29053, 3*p - 55*u - 29057 = -57*u. Is p a composite number?
True
Let n(f) = 2339*f**2 - 12*f + 52. Is n(-3) a composite number?
False
Suppose -a + 69 = 3*m, -33 = -5*m + a + 74. Suppose m*t - 16680 = -2*t. Is t composite?
True
Suppose -3*y + 3267 = -588. Let s = 2054 - y. Is s composite?
False
Suppose -3*p + 0*n - n = -41, -p = 3*n - 11. Suppose -16*c + 634 = -p*c. Is c a prime number?
True
Let y(d) = 4*d - 3. Let p(a) = -5*a + 3. Let f(b) = -2*p(b) - 3*y(b). Let l be f(3). Is (-6)/4*(-1 - (-163)/l) composite?
False
Suppose 3*t + 661627 = 5*f, -3*f + t - 195436 = -592409. Is f a prime number?
False
Let p(k) = k**3 - k**2 - 2. Let j be p(2). Suppose 11842 = 2*r + b, j*b - 17686 = -3*r + 77. Is r prime?
False
Let z be (((-1976)/12)/13)/(4/6). Is 100302/22 + z/((-1045)/(-10)) prime?
False
Suppose 0 = p - 3*p + 10, -3*m - p = -20720. Is m a prime number?
False
Suppose 5*q = -15, -82 = 3*x - 3*q + 704. Let g = 12458 - x. Is g a composite number?
True
Suppose -2*u = -3*s - 156946, 12*s = 3*u + 13*s - 235419. Is u a prime number?
False
Let l(y) = -y**2 - 24*y - 94. Let k be l(-17). Is 10/k + 1*(-45466)/(-10) a prime number?
True
Let u = 4258 + -6014. Let h = u + 8037. Is h a prime number?
False
Let i(h) = 5*h + 143. Let n be i(-28). Suppose -5*q + 66529 = n*t, -4*q + 3*t = q - 66541. Is q prime?
False
Suppose 62944 = 66*d - 64*d - 3*y, -5*y - 10 = 0. Is d composite?
False
Let q be 2/32*94 + 42/336. Suppose q*n - 69070 = 48068. Is n prime?
False
Let t(r) = 41*r**2 - 14*r + 8. Suppose 0 = -8*p + 10*p - 112. Let v = 47 - p. Is t(v) prime?
False
Let o = -14655 + 42910. Is o prime?
False
Let n(w) = 15177*w**3 - 2*w**2 - 3. Is n(2) a prime number?
False
Let i = -400 + 409. Suppose i*h = 22385 + 4084. Is h composite?
True
Let c = 29646 - 19192. Suppose -19855 = -2*q - f + c, 0 = -2*f - 10. Is q a composite number?
True
Let v = -28778 - -513715. Is v a composite number?
True
Suppose -z + 11 = 7, -2*q + z = -50778. Is q prime?
True
Let j(w) = 2064*w - 124. Let f be j(10). Let q = 489 + f. Is q composite?
True
Suppose -5529*u + 5524*u = -12365. Is u a composite number?
False
Let r(y) = y**2 - 10*y + 1. Let w be r(9). Let h(q) = q**2 - 3*q + 1. Let t(u) = 19*u**2 + 29*u - 30. Let d(i) = 5*h(i) + t(i). Is d(w) a composite number?
False
Let j(s) = -40*s**3 - 7*s**2 - 32*s + 3. Let p = -431 + 427. Is j(p) a composite number?
False
Suppose 3*a + t + 2*t = 18, -t = 3*a - 12. Suppose a*b = -d + 884, -5*d + 5 = -b + 305. Suppose 3*z + 2*k = k + b, -5*k = -20. Is z a prime number?
True
Let d be 14 - -4*(3 + (-7)/2). Suppose n = 4*p - 3584, -n + 4*n = -d. Suppose p = i - 504. Is i prime?
True
Let r = -41 - -46. Suppose -4*f + 9*f = r*b - 151695, 0 = 5*b + f - 151725. Suppose 5*h + 3*h - b = 0. Is h a composite number?
False
Let g(d) = 2*d - 10. Let s be g(6). Suppose 334 = -3*x - 4*i, -5*x + s*i - 345 = 229. Let k = 241 + x. Is k prime?
True
Suppose 2*i - 36238 = 3*z, -4*z - 6*i + i = 48348. Let a = -2375 - z. Is a prime?
False
Let w(v) = v**2 - 2*v + 3. Let x be w(2). Let z = -155 - -156. Is 18708/4*(z + x)/4 a composite number?
True
Suppose 14812*s = 14804*s + 400328. Is s composite?
True
Let m(h) = 4256*h - 563. Is m(35) prime?
False
Is 379253 - (10/12 + 3850/420) prime?
False
Let h = 10 - 8. Let z(i) = -4*i**3 - i**2 + 3*i + 4. Let x be z(-1). Suppose -v = x*y - 5923, -v - 2958 = -h*y - 5*v. Is y prime?
True
Let l = -5874 - -21035. Suppose -4*z - m + l = 0, 4*z - 5*m + 3*m = 15170. Is z a prime number?
False
Suppose 61*p = 65*p + 3212. Let t = -325 - p. Let w = t + 1495. Is w a composite number?
False
Let i(u) = -38*u**2 - 19*u + 41. Let v be i(-15). Let n = v + 12621. Is n a composite number?
False
Let z(q) be the first derivative of 43*q**2 - 91*q + 20. Is z(16) a prime number?
False
Suppose 0 = 11*y - 646829 - 372793 - 351341. Is y composite?
False
Let w = 54 + -37. Suppose -2*r + 1 = 3*j - 20, 5*j = r - w. Suppose 0 = -r*u + 8*u + 524. Is u a prime number?
True
Let s = 13218 + -4295. Is s a prime number?
True
Let q(h) be the first derivative of 5 - 303/2*h**2 - 2*h. Is q(-3) prime?
True
Let m(l) = -284*l**3 - l. Let f be m(-1). Suppose 3*a - 3*u + f = 0, -u = 3*a + 3*u + 257. Let p = a + 126. Is p a prime number?
False
Suppose -15*q + 132 - 87 = 0. Suppose 23*t = 26*t - y - 13270, q*y = -3*t + 13266. Is t a prime number?
True
Let b = 18228 + -4919. Is b prime?
True
Let l = 4831273 + -2822784. Is l a prime number?
False
Let h be (87/(-3))/(3/78 + 0). Let t = 1275 + h. Is t a composite number?
False
Suppose 0 = -16*c + 20*c. Suppose -2*d - 138 + 696 = c. Let y = d + -164. Is y a composite number?
True
Let d = 72 - 65. Let i(b) = 848*b - 39. Is i(d) composite?
False
Let m be (-6)/2*2 - 257488. Is 68/(-306) - m/18 a composite number?
True
Let d = -115171 + 206044. Suppose -13*n - d = -22*n. Is n a prime number?
False
Let u = -109 + 104. Is (65/(-10) - u)*(-5692)/3 a composite number?
True
Suppose -506008 - 191062 = -10*o. Is o a prime number?
False
Let a(s) = 2*s. Let z be a(0). Suppose z*v = 2*v + 4*b - 414, 3*b + 197 = v. Suppose 4*o - 214 - v = -5*j, -o + 105 = 2*j. Is o a prime number?
True
Is ((-1143177)/28)/(-3)*(5 - 1) a composite number?
False
Let r(m) be the first derivative of 1332*m**2 + 11 - 8 - 1369*m**2 - 39*m + 14. Is r(-7) a composite number?
False
Let j(t) = 8*t**3 - 2*t**2 + 3*t - 1. Let q be j(1). Suppose q*m = 3*m + 3*d + 15086, -m + 3010 = -3*d. Is m prime?
True
Is ((-8774682)/21)/(-2 + 0) a prime number?
False
Let x(d) = -17944*d + 987. Is x(-8) a prime number?
True
Let u be ((-8)/3)/(4/(-1206)). Let f = u - 497. Is f a prime number?
True
Let x(d) = 1397*d**2 - 41*d - 125. Is x(-4) prime?
True
Suppose 0 = -2*h + 19*r + 1084521, -1968832 = -5*h + r + 742424. Is h composite?
False
Let j be (-2 - 2)*1 + (-15)/(-15). Let h = 35 - 32. Is (j/(-9)*h)/(2/1658) composite?
False
Let f be (0 + 5)/5*-4. Suppose -56 = 2*l - 0*l. Is 4100/14 + f/l a prime number?
True
Let b be (-5)/5 + (-57)/9*-3. Let f = b - 18. Suppose o = -f*o + 211. Is o a composite number?
False
Let h(u) = -14*u + 17. Let a be h(5). Let w = a + 65. Is (-2654)/(-8) - (9/w - 0) a composite number?
False
Let n be (10/(-20))/(3*(-4)/9528). Suppose -2*q - k = -1043 - n, 4*q = 2*k + 2872. Is q a prime number?
True
Suppose 2034 = -22*x - 672. Let a = 4289 + x. Is a a prime number?
False
Let q be (2/(-2))/((-3)/91638*2). Let v = q + -7352. Is v composite?
True
Is (14 - (-573725)/(-2))/((-1)/2) a composite number?
True
Let b = 327 + -307. Let m(o) = o**3 - 12*o**2 - 8*o + 69. Is m(b) prime?
True
Let d = 342 - 337. Suppose 5*n = x - 721, -2*x + 1434 = -n - n. Suppose d*j + x = 7*j. Is j composite?
True
Let u(q) = 66*q**2 - 4*q + 9. Let m be u(-7). Let w(z) = 314*z**2 + 5*z - 19. Let b be w(4). Suppose -5*k = 3*r - m, 5*k = 5*r - 400 - b. Is r a prime number?
True
Let v = -136250 - -258763. Is v composite?
True
Let j(v) be the second d